 is the ten thousands digit of 11477691?
7
What is the thousands digit of 2548779?
8
What is the millions digit of 3868729?
3
What is the tens digit of 472233?
3
What is the thousands digit of 19247220?
7
What is the ten thousands digit of 6101272?
0
What is the hundred thousands digit of 296967?
2
What is the ten thousands digit of 1964639?
6
What is the units digit of 105460?
0
What is the hundred thousands digit of 225410?
2
What is the thousands digit of 10063930?
3
What is the units digit of 6915042?
2
What is the hundreds digit of 3219813?
8
What is the hundreds digit of 33132?
1
What is the ten thousands digit of 284186?
8
What is the thousands digit of 142661?
2
What is the thousands digit of 542926?
2
What is the thousands digit of 1162882?
2
What is the hundred thousands digit of 27261717?
2
What is the thousands digit of 895388?
5
What is the tens digit of 3001046?
4
What is the hundred thousands digit of 410528?
4
What is the tens digit of 8942?
4
What is the thousands digit of 483743?
3
What is the ten thousands digit of 7012412?
1
What is the thousands digit of 369725?
9
What is the units digit of 367996?
6
What is the units digit of 64377?
7
What is the units digit of 1685564?
4
What is the ten thousands digit of 187428?
8
What is the hundred thousands digit of 8135301?
1
What is the thousands digit of 187893?
7
What is the ten thousands digit of 737711?
3
What is the tens digit of 337822?
2
What is the hundreds digit of 25300529?
5
What is the tens digit of 825756?
5
What is the hundred thousands digit of 1739138?
7
What is the thousands digit of 257247?
7
What is the thousands digit of 345327?
5
What is the hundreds digit of 1108865?
8
What is the hundreds digit of 404825?
8
What is the hundreds digit of 13484?
4
What is the units digit of 315089?
9
What is the hundreds digit of 546568?
5
What is the hundred thousands digit of 623371?
6
What is the hundred thousands digit of 396788?
3
What is the ten thousands digit of 309860?
0
What is the hundred thousands digit of 233005?
2
What is the ten thousands digit of 571513?
7
What is the tens digit of 8105600?
0
What is the millions digit of 2317909?
2
What is the units digit of 20034904?
4
What is the ten thousands digit of 8380934?
8
What is the units digit of 6092614?
4
What is the thousands digit of 112594?
2
What is the thousands digit of 344806?
4
What is the ten thousands digit of 1473717?
7
What is the thousands digit of 278717?
8
What is the thousands digit of 3940794?
0
What is the ten thousands digit of 3575090?
7
What is the ten millions digit of 19867658?
1
What is the hundreds digit of 99704?
7
What is the millions digit of 8524112?
8
What is the ten thousands digit of 6789947?
8
What is the hundred thousands digit of 375523?
3
What is the thousands digit of 12405223?
5
What is the thousands digit of 681950?
1
What is the ten thousands digit of 752895?
5
What is the hundred thousands digit of 540724?
5
What is the tens digit of 14534?
3
What is the tens digit of 460505?
0
What is the millions digit of 3951788?
3
What is the units digit of 519583?
3
What is the tens digit of 2128976?
7
What is the units digit of 96388?
8
What is the ten thousands digit of 583008?
8
What is the hundred thousands digit of 29132035?
1
What is the units digit of 355165?
5
What is the tens digit of 174467?
6
What is the thousands digit of 2510958?
0
What is the units digit of 2877908?
8
What is the tens digit of 2550702?
0
What is the ten thousands digit of 6528224?
2
What is the hundreds digit of 28723?
7
What is the thousands digit of 6119241?
9
What is the hundred thousands digit of 203259?
2
What is the hundreds digit of 326461?
4
What is the thousands digit of 412588?
2
What is the hundreds digit of 156405?
4
What is the hundreds digit of 61075?
0
What is the thousands digit of 212376?
2
What is the units digit of 710856?
6
What is the ten thousands digit of 93398?
9
What is the tens digit of 246569?
6
What is the hundred thousands digit of 6970479?
9
What is the tens digit of 1604101?
0
What is the units digit of 159193?
3
What is the tens digit of 1718716?
1
What is the tens digit of 385822?
2
What is the hundreds digit of 112628?
6
What is the hundreds digit of 533113?
1
What is the hundreds digit of 157944?
9
What is the hundred thousands digit of 485001?
4
What is the thousands digit of 255235?
5
What is the units digit of 640360?
0
What is the hundreds digit of 892557?
5
What is the ten thousands digit of 5151635?
5
What is the hundred thousands digit of 17950050?
9
What is the hundreds digit of 51827?
8
What is the hundreds digit of 1422613?
6
What is the ten millions digit of 10924160?
1
What is the units digit of 2061469?
9
What is the ten thousands digit of 278772?
7
What is the hundred thousands digit of 690062?
6
What is the units digit of 953823?
3
What is the tens digit of 542637?
3
What is the tens digit of 219108?
0
What is the ten thousands digit of 2557508?
5
What is the hundreds digit of 5706012?
0
What is the units digit of 651234?
4
What is the units digit of 25948632?
2
What is the tens digit of 763896?
9
What is the thousands digit of 10167962?
7
What is the millions digit of 4326932?
4
What is the hundred thousands digit of 4533544?
5
What is the thousands digit of 813695?
3
What is the ten thousands digit of 2047710?
4
What is the units digit of 966311?
1
What is the thousands digit of 1293701?
3
What is the units digit of 517757?
7
What is the ten thousands digit of 16951677?
5
What is the hundreds digit of 106706?
7
What is the tens digit of 248551?
5
What is the tens digit of 18905186?
8
What is the millions digit of 1936404?
1
What is the hundreds digit of 8694524?
5
What is the units digit of 3563586?
6
What is the thousands digit of 23410?
3
What is the hundred thousands digit of 15915076?
9
What is the thousands digit of 74374?
4
What is the ten thousands digit of 166193?
6
What is the units digit of 11920709?
9
What is the tens digit of 9392494?
9
What is the thousands digit of 2719280?
9
What is the hundreds digit of 148297?
2
What is the hundreds digit of 29840715?
7
What is the hundred thousands digit of 2453794?
4
What is the hundreds digit of 1416556?
5
What is the thousands digit of 177941?
7
What is the tens digit of 3203388?
8
What is the units digit of 220937?
7
What is the hundred thousands digit of 214549?
2
What is the units digit of 302254?
4
What is the hundred thousands digit of 1126372?
1
What is the thousands digit of 626676?
6
What is the ten thousands digit of 335676?
3
What is the hundreds digit of 555941?
9
What is the hundred thousands digit of 1018677?
0
What is the hundred thousands digit of 1032069?
0
What is the tens digit of 19358823?
2
What is the ten thousands digit of 14670926?
7
What is the hundreds digit of 2246680?
6
What is the units digit of 51302?
2
What is the millions digit of 2074801?
2
What is the ten thousands digit of 106672?
0
What is the units digit of 445653?
3
What is the millions digit of 3274240?
3
What is the tens digit of 77575?
7
What is the units digit of 750521?
1
What is the hundreds digit of 229881?
8
What is the hundreds digit of 99870?
8
What is the thousands digit of 7001900?
1
What is the tens digit of 40616?
1
What is the hundred thousands digit of 1759804?
7
What is the ten thousands digit of 626503?
2
What is the hundreds digit of 167669?
6
What is the hundreds digit of 162386?
3
What is the ten thousands digit of 622115?
2
What is the units digit of 23857?
7
What is the units digit of 5536218?
8
What is the hundreds digit of 896691?
6
What is the hundreds digit of 13224?
2
What is the hundreds digit of 8299443?
4
What is the tens digit of 4914056?
5
What is the hundreds digit of 17072628?
6
What is the millions digit of 3822626?
3
What is the hundreds digit of 2732253?
2
What is the thousands digit of 256073?
6
What is the ten thousands digit of 1432744?
3
What is the units digit of 12309471?
1
What is the tens digit of 8168258?
5
What is the millions digit of 14385055?
4
What is the millions digit of 6053340?
6
What is the tens digit of 2432290?
9
What is the hundreds digit of 180613?
6
What is the hundreds digit of 5431888?
8
What is the tens digit of 255279?
7
What is the ten thousan